{"id":9,"date":"2019-02-17T11:50:43","date_gmt":"2019-02-17T11:50:43","guid":{"rendered":"https:\/\/ferienhaus-badblankenburg.de\/index.php\/home\/"},"modified":"2025-11-06T18:25:32","modified_gmt":"2025-11-06T18:25:32","slug":"ferienhaus-wurmb-bad-blankenburg-thueringen","status":"publish","type":"page","link":"https:\/\/ferienhaus-badblankenburg.de\/","title":{"rendered":"Home"},"content":{"rendered":"\n<h2 class=\"wp-block-heading\"><em>Herzlich Willkommen im Ferienhaus Wurmb in Bad Blankenburg \/ Th\u00fcringen<\/em>.<\/h2>\n\n\n\n<p class=\"has-black-color has-text-color\">Unser Ferienhaus befindet sich am S\u00fcdhang von Bad Blankenburg. Ein gepflegter Garten mit Liegewiese, Goldfischteich, Holzkohlegrill und Gartenm\u00f6beln bietet Ihnen die M\u00f6glichkeit zur Entspannung und f\u00fcr erholsame Stunden. Genie\u00dfen Sie die idyllische und ruhige Lage unseres Grundst\u00fcckes mit Blick auf die Stadt, die umliegenden Berge und die Burg Greifenstein.<\/p>\n\n\n\n<p>In 7 min erreichen Sie zu Fu\u00df die Einkaufsstra\u00dfe. Unser\nFerienhaus bietet Ihnen auf 54 m2 Wohnfl\u00e4che gen\u00fcgend Platz f\u00fcr 2 Personen.<\/p>\n\n\n\n<p>Im Obergeschoss befinden sich eine Diele, ein gem\u00fctlicher Wohnraum mit TV und Radio und eine komplett eingerichtete K\u00fcche. Im Erdgeschoss haben wir f\u00fcr Sie ein&nbsp; Schlafzimmer f\u00fcr zwei Personen, ein Bad mit WC und Dusche. <br>Die beiden Etagen verbindet innen eine Wendeltreppe.<br>F\u00fcr Warmwasser und Zentralheizung sorgt moderne Brennwerttechnik. <br>Auf dem Grundst\u00fcck besteht Parkm\u00f6glichkeit.  \u201cNichtraucherferienhaus\u201d&nbsp; <br>Au\u00dferhalb vom FH kann geraucht werden.<\/p>\n","protected":false},"excerpt":{"rendered":"<p>Herzlich Willkommen im Ferienhaus Wurmb in Bad Blankenburg \/ Th\u00fcringen. Unser Ferienhaus befindet sich am S\u00fcdhang von Bad Blankenburg. Ein gepflegter Garten mit Liegewiese, Goldfischteich, Holzkohlegrill und Gartenm\u00f6beln bietet Ihnen die M\u00f6glichkeit zur Entspannung und f\u00fcr erholsame Stunden. Genie\u00dfen Sie die idyllische und ruhige Lage unseres Grundst\u00fcckes mit Blick auf die Stadt, die umliegenden Berge &hellip; <\/p>\n<p class=\"link-more\"><a href=\"https:\/\/ferienhaus-badblankenburg.de\/\" class=\"more-link\"><span class=\"screen-reader-text\">\u201eHome\u201c <\/span>weiterlesen<\/a><\/p>\n","protected":false},"author":1,"featured_media":0,"parent":0,"menu_order":1,"comment_status":"closed","ping_status":"closed","template":"","meta":{"footnotes":""},"class_list":["post-9","page","type-page","status-publish","hentry"],"yoast_head":"<!-- This site is optimized with the Yoast SEO plugin v27.5 - https:\/\/yoast.com\/product\/yoast-seo-wordpress\/ -->\n<title>Ferienhaus Wurmb Ferienwohnung Urlaub in Bad Blankenburg Th\u00fcringen<\/title>\n<meta name=\"description\" content=\"Unser Ferienhaus befindet sich am S\u00fcdhang von Bad Blankenburg. Ein gepflegter Garten mit Liegewiese, Goldfischteich, Holzkohlegrill und Gartenm\u00f6beln bietet Ihnen die M\u00f6glichkeit zur Entspannung und f\u00fcr erholsame Stunden. Genie\u00dfen Sie die idyllische und ruhige Lage unseres Grundst\u00fcckes mit Blick auf die Stadt, die umliegenden Berge und die Burg Greifenstein. Ab dem 01.01.2023 fallen Geb\u00fcren durch die Kurbeitragssatzung an. Unsere G\u00e4ste erhalten die &quot;G\u00e4stekarte Schwarzatal&quot; f\u00fcr die Dauer Ihres Aufenthaltes kostenfrei. %\" \/>\n<meta name=\"robots\" content=\"index, follow, max-snippet:-1, max-image-preview:large, max-video-preview:-1\" \/>\n<link rel=\"canonical\" href=\"https:\/\/ferienhaus-badblankenburg.de\/\" \/>\n<meta property=\"og:locale\" content=\"de_DE\" \/>\n<meta property=\"og:type\" content=\"article\" \/>\n<meta property=\"og:title\" content=\"Ferienhaus Wurmb Ferienwohnung Urlaub in Bad Blankenburg Th\u00fcringen\" \/>\n<meta property=\"og:description\" content=\"Unser Ferienhaus befindet sich am S\u00fcdhang von Bad Blankenburg. Ein gepflegter Garten mit Liegewiese, Goldfischteich, Holzkohlegrill und Gartenm\u00f6beln bietet Ihnen die M\u00f6glichkeit zur Entspannung und f\u00fcr erholsame Stunden. Genie\u00dfen Sie die idyllische und ruhige Lage unseres Grundst\u00fcckes mit Blick auf die Stadt, die umliegenden Berge und die Burg Greifenstein. Ab dem 01.01.2023 fallen Geb\u00fcren durch die Kurbeitragssatzung an. Unsere G\u00e4ste erhalten die &quot;G\u00e4stekarte Schwarzatal&quot; f\u00fcr die Dauer Ihres Aufenthaltes kostenfrei. %\" \/>\n<meta property=\"og:url\" content=\"https:\/\/ferienhaus-badblankenburg.de\/\" \/>\n<meta property=\"og:site_name\" content=\"Ferienhaus Wurmb\" \/>\n<meta property=\"article:modified_time\" content=\"2025-11-06T18:25:32+00:00\" \/>\n<meta name=\"twitter:card\" content=\"summary_large_image\" \/>\n<meta name=\"twitter:label1\" content=\"Gesch\u00e4tzte Lesezeit\" \/>\n\t<meta name=\"twitter:data1\" content=\"1\u00a0Minute\" \/>\n<script type=\"application\/ld+json\" class=\"yoast-schema-graph\">{\"@context\":\"https:\\\/\\\/schema.org\",\"@graph\":[{\"@type\":\"WebPage\",\"@id\":\"https:\\\/\\\/ferienhaus-badblankenburg.de\\\/\",\"url\":\"https:\\\/\\\/ferienhaus-badblankenburg.de\\\/\",\"name\":\"Ferienhaus Wurmb Ferienwohnung Urlaub in Bad Blankenburg Th\u00fcringen\",\"isPartOf\":{\"@id\":\"https:\\\/\\\/ferienhaus-badblankenburg.de\\\/#website\"},\"datePublished\":\"2019-02-17T11:50:43+00:00\",\"dateModified\":\"2025-11-06T18:25:32+00:00\",\"description\":\"Unser Ferienhaus befindet sich am S\u00fcdhang von Bad Blankenburg. Ein gepflegter Garten mit Liegewiese, Goldfischteich, Holzkohlegrill und Gartenm\u00f6beln bietet Ihnen die M\u00f6glichkeit zur Entspannung und f\u00fcr erholsame Stunden. Genie\u00dfen Sie die idyllische und ruhige Lage unseres Grundst\u00fcckes mit Blick auf die Stadt, die umliegenden Berge und die Burg Greifenstein. Ab dem 01.01.2023 fallen Geb\u00fcren durch die Kurbeitragssatzung an. Unsere G\u00e4ste erhalten die \\\"G\u00e4stekarte Schwarzatal\\\" f\u00fcr die Dauer Ihres Aufenthaltes kostenfrei. %\",\"breadcrumb\":{\"@id\":\"https:\\\/\\\/ferienhaus-badblankenburg.de\\\/#breadcrumb\"},\"inLanguage\":\"de\",\"potentialAction\":[{\"@type\":\"ReadAction\",\"target\":[\"https:\\\/\\\/ferienhaus-badblankenburg.de\\\/\"]}]},{\"@type\":\"BreadcrumbList\",\"@id\":\"https:\\\/\\\/ferienhaus-badblankenburg.de\\\/#breadcrumb\",\"itemListElement\":[{\"@type\":\"ListItem\",\"position\":1,\"name\":\"Home\",\"item\":\"https:\\\/\\\/ferienhaus-badblankenburg.de\\\/\"},{\"@type\":\"ListItem\",\"position\":2,\"name\":\"Home\"}]},{\"@type\":\"WebSite\",\"@id\":\"https:\\\/\\\/ferienhaus-badblankenburg.de\\\/#website\",\"url\":\"https:\\\/\\\/ferienhaus-badblankenburg.de\\\/\",\"name\":\"Ferienhaus Wurmb\",\"description\":\"\",\"potentialAction\":[{\"@type\":\"SearchAction\",\"target\":{\"@type\":\"EntryPoint\",\"urlTemplate\":\"https:\\\/\\\/ferienhaus-badblankenburg.de\\\/?s={search_term_string}\"},\"query-input\":{\"@type\":\"PropertyValueSpecification\",\"valueRequired\":true,\"valueName\":\"search_term_string\"}}],\"inLanguage\":\"de\"}]}<\/script>\n<!-- \/ Yoast SEO plugin. -->","yoast_head_json":{"title":"Ferienhaus Wurmb Ferienwohnung Urlaub in Bad Blankenburg Th\u00fcringen","description":"Unser Ferienhaus befindet sich am S\u00fcdhang von Bad Blankenburg. Ein gepflegter Garten mit Liegewiese, Goldfischteich, Holzkohlegrill und Gartenm\u00f6beln bietet Ihnen die M\u00f6glichkeit zur Entspannung und f\u00fcr erholsame Stunden. Genie\u00dfen Sie die idyllische und ruhige Lage unseres Grundst\u00fcckes mit Blick auf die Stadt, die umliegenden Berge und die Burg Greifenstein. Ab dem 01.01.2023 fallen Geb\u00fcren durch die Kurbeitragssatzung an. Unsere G\u00e4ste erhalten die \"G\u00e4stekarte Schwarzatal\" f\u00fcr die Dauer Ihres Aufenthaltes kostenfrei. %","robots":{"index":"index","follow":"follow","max-snippet":"max-snippet:-1","max-image-preview":"max-image-preview:large","max-video-preview":"max-video-preview:-1"},"canonical":"https:\/\/ferienhaus-badblankenburg.de\/","og_locale":"de_DE","og_type":"article","og_title":"Ferienhaus Wurmb Ferienwohnung Urlaub in Bad Blankenburg Th\u00fcringen","og_description":"Unser Ferienhaus befindet sich am S\u00fcdhang von Bad Blankenburg. Ein gepflegter Garten mit Liegewiese, Goldfischteich, Holzkohlegrill und Gartenm\u00f6beln bietet Ihnen die M\u00f6glichkeit zur Entspannung und f\u00fcr erholsame Stunden. Genie\u00dfen Sie die idyllische und ruhige Lage unseres Grundst\u00fcckes mit Blick auf die Stadt, die umliegenden Berge und die Burg Greifenstein. Ab dem 01.01.2023 fallen Geb\u00fcren durch die Kurbeitragssatzung an. Unsere G\u00e4ste erhalten die \"G\u00e4stekarte Schwarzatal\" f\u00fcr die Dauer Ihres Aufenthaltes kostenfrei. %","og_url":"https:\/\/ferienhaus-badblankenburg.de\/","og_site_name":"Ferienhaus Wurmb","article_modified_time":"2025-11-06T18:25:32+00:00","twitter_card":"summary_large_image","twitter_misc":{"Gesch\u00e4tzte Lesezeit":"1\u00a0Minute"},"schema":{"@context":"https:\/\/schema.org","@graph":[{"@type":"WebPage","@id":"https:\/\/ferienhaus-badblankenburg.de\/","url":"https:\/\/ferienhaus-badblankenburg.de\/","name":"Ferienhaus Wurmb Ferienwohnung Urlaub in Bad Blankenburg Th\u00fcringen","isPartOf":{"@id":"https:\/\/ferienhaus-badblankenburg.de\/#website"},"datePublished":"2019-02-17T11:50:43+00:00","dateModified":"2025-11-06T18:25:32+00:00","description":"Unser Ferienhaus befindet sich am S\u00fcdhang von Bad Blankenburg. Ein gepflegter Garten mit Liegewiese, Goldfischteich, Holzkohlegrill und Gartenm\u00f6beln bietet Ihnen die M\u00f6glichkeit zur Entspannung und f\u00fcr erholsame Stunden. Genie\u00dfen Sie die idyllische und ruhige Lage unseres Grundst\u00fcckes mit Blick auf die Stadt, die umliegenden Berge und die Burg Greifenstein. Ab dem 01.01.2023 fallen Geb\u00fcren durch die Kurbeitragssatzung an. Unsere G\u00e4ste erhalten die \"G\u00e4stekarte Schwarzatal\" f\u00fcr die Dauer Ihres Aufenthaltes kostenfrei. %","breadcrumb":{"@id":"https:\/\/ferienhaus-badblankenburg.de\/#breadcrumb"},"inLanguage":"de","potentialAction":[{"@type":"ReadAction","target":["https:\/\/ferienhaus-badblankenburg.de\/"]}]},{"@type":"BreadcrumbList","@id":"https:\/\/ferienhaus-badblankenburg.de\/#breadcrumb","itemListElement":[{"@type":"ListItem","position":1,"name":"Home","item":"https:\/\/ferienhaus-badblankenburg.de\/"},{"@type":"ListItem","position":2,"name":"Home"}]},{"@type":"WebSite","@id":"https:\/\/ferienhaus-badblankenburg.de\/#website","url":"https:\/\/ferienhaus-badblankenburg.de\/","name":"Ferienhaus Wurmb","description":"","potentialAction":[{"@type":"SearchAction","target":{"@type":"EntryPoint","urlTemplate":"https:\/\/ferienhaus-badblankenburg.de\/?s={search_term_string}"},"query-input":{"@type":"PropertyValueSpecification","valueRequired":true,"valueName":"search_term_string"}}],"inLanguage":"de"}]}},"_links":{"self":[{"href":"https:\/\/ferienhaus-badblankenburg.de\/index.php\/wp-json\/wp\/v2\/pages\/9","targetHints":{"allow":["GET"]}}],"collection":[{"href":"https:\/\/ferienhaus-badblankenburg.de\/index.php\/wp-json\/wp\/v2\/pages"}],"about":[{"href":"https:\/\/ferienhaus-badblankenburg.de\/index.php\/wp-json\/wp\/v2\/types\/page"}],"author":[{"embeddable":true,"href":"https:\/\/ferienhaus-badblankenburg.de\/index.php\/wp-json\/wp\/v2\/users\/1"}],"replies":[{"embeddable":true,"href":"https:\/\/ferienhaus-badblankenburg.de\/index.php\/wp-json\/wp\/v2\/comments?post=9"}],"version-history":[{"count":27,"href":"https:\/\/ferienhaus-badblankenburg.de\/index.php\/wp-json\/wp\/v2\/pages\/9\/revisions"}],"predecessor-version":[{"id":1501,"href":"https:\/\/ferienhaus-badblankenburg.de\/index.php\/wp-json\/wp\/v2\/pages\/9\/revisions\/1501"}],"wp:attachment":[{"href":"https:\/\/ferienhaus-badblankenburg.de\/index.php\/wp-json\/wp\/v2\/media?parent=9"}],"curies":[{"name":"wp","href":"https:\/\/api.w.org\/{rel}","templated":true}]}}