{"id":475,"date":"2019-03-08T14:14:10","date_gmt":"2019-03-08T14:14:10","guid":{"rendered":"https:\/\/ferienhaus-badblankenburg.de\/?page_id=475"},"modified":"2025-12-30T16:59:16","modified_gmt":"2025-12-30T16:59:16","slug":"links","status":"publish","type":"page","link":"https:\/\/ferienhaus-badblankenburg.de\/index.php\/links\/","title":{"rendered":"Links"},"content":{"rendered":"\n<p class=\"has-text-color\" style=\"color:#006633;font-size:24px\"><em>Werte G\u00e4ste, wir haben f\u00fcr Sie hier Verlinkungen \u00fcber interessante Themen zusammengestellt.<\/em> <\/p>\n\n\n\n<p><a href=\"https:\/\/www.gaestekarte-schwarzatal.de\/files\/1841ECC88B4\/Kurbeitragssatzung_BB.pdf\">Satzung \u00fcber die Erhebung eines Kurbeitrages der Stadt Bad Blankenburg (Kurbeitragssatzung)<\/a><br><a href=\"http:\/\/www.gaestekarte-schwarzatal.de\/\" target=\"_blank\" rel=\"noreferrer noopener\">Durch den Kurbeitrag erhalten Sie kostenlos die G\u00e4stekarte Schwarzatal <\/a><br><a href=\"http:\/\/www.rennsteig-schwarzatal.de\/\" target=\"_blank\" rel=\"noreferrer noopener\">Informationen \u00fcber die Tourismusregion Rennsteig Schwarzatal<\/a><br><a href=\"https:\/\/www.kombus-online.eu\/wanderbusschwarzatal\" target=\"_blank\" rel=\"noreferrer noopener\">Kombus Wanderbus Schwarzatal<\/a><br><a href=\"https:\/\/www.kombus-online.eu\/fahrplaene\/liniennetzplaene\/staedtedreieck-mobil\/\" target=\"_blank\" rel=\"noreferrer noopener\">Ihre Linien im St\u00e4dtedreieck S2,S1,R,D,B und A<\/a><br><a href=\"http:\/\/rennsteigticket.de\/\" target=\"_blank\" rel=\"noreferrer noopener\">Fahrpl\u00e4ne Bus-Bahn-Th\u00fcringen<\/a><br><a href=\"http:\/\/www.schloss-schwarzburg.de\/schloss\/schlossanlage\/das-zeughaus\/\" target=\"_blank\" rel=\"noreferrer noopener\">Schloss Schwarzburg mit Zeughaus<\/a><br><a href=\"https:\/\/corona.thueringen.de\/\" target=\"_blank\" rel=\"noreferrer noopener\">Neue Th\u00fcringer Corona-Verordnung<\/a><\/p>\n\n\n\n<h2 class=\"wp-block-heading\">Haftungshinweis: <br>Alle Texte, die Sie auf unseren Seiten finden, sind  lediglich allgemeine Informationen.  F\u00fcr den Inhalt der verlinkten Seiten sind ausschlie\u00dflich deren Betreiber  verantwortlich. Daher \u00fcbernehmen wir keine Haftung f\u00fcr die Inhalte externer Links.<\/h2>\n\n\n\n<p><\/p>\n","protected":false},"excerpt":{"rendered":"<p>Werte G\u00e4ste, wir haben f\u00fcr Sie hier Verlinkungen \u00fcber interessante Themen zusammengestellt. Satzung \u00fcber die Erhebung eines Kurbeitrages der Stadt Bad Blankenburg (Kurbeitragssatzung)Durch den Kurbeitrag erhalten Sie kostenlos die G\u00e4stekarte Schwarzatal Informationen \u00fcber die Tourismusregion Rennsteig SchwarzatalKombus Wanderbus SchwarzatalIhre Linien im St\u00e4dtedreieck S2,S1,R,D,B und AFahrpl\u00e4ne Bus-Bahn-Th\u00fcringenSchloss Schwarzburg mit ZeughausNeue Th\u00fcringer Corona-Verordnung Haftungshinweis: Alle Texte, die &hellip; <\/p>\n<p class=\"link-more\"><a href=\"https:\/\/ferienhaus-badblankenburg.de\/index.php\/links\/\" class=\"more-link\"><span class=\"screen-reader-text\">\u201eLinks\u201c <\/span>weiterlesen<\/a><\/p>\n","protected":false},"author":1,"featured_media":0,"parent":0,"menu_order":7,"comment_status":"closed","ping_status":"closed","template":"","meta":{"footnotes":""},"class_list":["post-475","page","type-page","status-publish","hentry"],"yoast_head":"<!-- This site is optimized with the Yoast SEO plugin v27.5 - https:\/\/yoast.com\/product\/yoast-seo-wordpress\/ -->\n<title>Links - Ferienhaus Wurmb<\/title>\n<meta name=\"description\" content=\"Links+G\u00e4stekarte Schwarzatal, Tourismusregion Rennsteig-Schwarzatal, Wanderbus Schwarzatal, Schloss Schwarzburg mit Zeughaus\" \/>\n<meta name=\"robots\" content=\"index, follow, max-snippet:-1, max-image-preview:large, max-video-preview:-1\" \/>\n<link rel=\"canonical\" href=\"https:\/\/ferienhaus-badblankenburg.de\/index.php\/links\/\" \/>\n<meta property=\"og:locale\" content=\"de_DE\" \/>\n<meta property=\"og:type\" content=\"article\" \/>\n<meta property=\"og:title\" content=\"Links - Ferienhaus Wurmb\" \/>\n<meta property=\"og:description\" content=\"Links+G\u00e4stekarte Schwarzatal, Tourismusregion Rennsteig-Schwarzatal, Wanderbus Schwarzatal, Schloss Schwarzburg mit Zeughaus\" \/>\n<meta property=\"og:url\" content=\"https:\/\/ferienhaus-badblankenburg.de\/index.php\/links\/\" \/>\n<meta property=\"og:site_name\" content=\"Ferienhaus Wurmb\" \/>\n<meta property=\"article:modified_time\" content=\"2025-12-30T16:59:16+00:00\" \/>\n<meta name=\"twitter:card\" content=\"summary_large_image\" \/>\n<meta name=\"twitter:label1\" content=\"Gesch\u00e4tzte Lesezeit\" \/>\n\t<meta name=\"twitter:data1\" content=\"1\u00a0Minute\" \/>\n<script type=\"application\/ld+json\" class=\"yoast-schema-graph\">{\"@context\":\"https:\\\/\\\/schema.org\",\"@graph\":[{\"@type\":\"WebPage\",\"@id\":\"https:\\\/\\\/ferienhaus-badblankenburg.de\\\/index.php\\\/links\\\/\",\"url\":\"https:\\\/\\\/ferienhaus-badblankenburg.de\\\/index.php\\\/links\\\/\",\"name\":\"Links - Ferienhaus Wurmb\",\"isPartOf\":{\"@id\":\"https:\\\/\\\/ferienhaus-badblankenburg.de\\\/#website\"},\"datePublished\":\"2019-03-08T14:14:10+00:00\",\"dateModified\":\"2025-12-30T16:59:16+00:00\",\"description\":\"Links+G\u00e4stekarte Schwarzatal, Tourismusregion Rennsteig-Schwarzatal, Wanderbus Schwarzatal, Schloss Schwarzburg mit Zeughaus\",\"breadcrumb\":{\"@id\":\"https:\\\/\\\/ferienhaus-badblankenburg.de\\\/index.php\\\/links\\\/#breadcrumb\"},\"inLanguage\":\"de\",\"potentialAction\":[{\"@type\":\"ReadAction\",\"target\":[\"https:\\\/\\\/ferienhaus-badblankenburg.de\\\/index.php\\\/links\\\/\"]}]},{\"@type\":\"BreadcrumbList\",\"@id\":\"https:\\\/\\\/ferienhaus-badblankenburg.de\\\/index.php\\\/links\\\/#breadcrumb\",\"itemListElement\":[{\"@type\":\"ListItem\",\"position\":1,\"name\":\"Home\",\"item\":\"https:\\\/\\\/ferienhaus-badblankenburg.de\\\/\"},{\"@type\":\"ListItem\",\"position\":2,\"name\":\"Links\"}]},{\"@type\":\"WebSite\",\"@id\":\"https:\\\/\\\/ferienhaus-badblankenburg.de\\\/#website\",\"url\":\"https:\\\/\\\/ferienhaus-badblankenburg.de\\\/\",\"name\":\"Ferienhaus Wurmb\",\"description\":\"\",\"potentialAction\":[{\"@type\":\"SearchAction\",\"target\":{\"@type\":\"EntryPoint\",\"urlTemplate\":\"https:\\\/\\\/ferienhaus-badblankenburg.de\\\/?s={search_term_string}\"},\"query-input\":{\"@type\":\"PropertyValueSpecification\",\"valueRequired\":true,\"valueName\":\"search_term_string\"}}],\"inLanguage\":\"de\"}]}<\/script>\n<!-- \/ Yoast SEO plugin. -->","yoast_head_json":{"title":"Links - Ferienhaus Wurmb","description":"Links+G\u00e4stekarte Schwarzatal, Tourismusregion Rennsteig-Schwarzatal, Wanderbus Schwarzatal, Schloss Schwarzburg mit Zeughaus","robots":{"index":"index","follow":"follow","max-snippet":"max-snippet:-1","max-image-preview":"max-image-preview:large","max-video-preview":"max-video-preview:-1"},"canonical":"https:\/\/ferienhaus-badblankenburg.de\/index.php\/links\/","og_locale":"de_DE","og_type":"article","og_title":"Links - Ferienhaus Wurmb","og_description":"Links+G\u00e4stekarte Schwarzatal, Tourismusregion Rennsteig-Schwarzatal, Wanderbus Schwarzatal, Schloss Schwarzburg mit Zeughaus","og_url":"https:\/\/ferienhaus-badblankenburg.de\/index.php\/links\/","og_site_name":"Ferienhaus Wurmb","article_modified_time":"2025-12-30T16:59:16+00:00","twitter_card":"summary_large_image","twitter_misc":{"Gesch\u00e4tzte Lesezeit":"1\u00a0Minute"},"schema":{"@context":"https:\/\/schema.org","@graph":[{"@type":"WebPage","@id":"https:\/\/ferienhaus-badblankenburg.de\/index.php\/links\/","url":"https:\/\/ferienhaus-badblankenburg.de\/index.php\/links\/","name":"Links - Ferienhaus Wurmb","isPartOf":{"@id":"https:\/\/ferienhaus-badblankenburg.de\/#website"},"datePublished":"2019-03-08T14:14:10+00:00","dateModified":"2025-12-30T16:59:16+00:00","description":"Links+G\u00e4stekarte Schwarzatal, Tourismusregion Rennsteig-Schwarzatal, Wanderbus Schwarzatal, Schloss Schwarzburg mit Zeughaus","breadcrumb":{"@id":"https:\/\/ferienhaus-badblankenburg.de\/index.php\/links\/#breadcrumb"},"inLanguage":"de","potentialAction":[{"@type":"ReadAction","target":["https:\/\/ferienhaus-badblankenburg.de\/index.php\/links\/"]}]},{"@type":"BreadcrumbList","@id":"https:\/\/ferienhaus-badblankenburg.de\/index.php\/links\/#breadcrumb","itemListElement":[{"@type":"ListItem","position":1,"name":"Home","item":"https:\/\/ferienhaus-badblankenburg.de\/"},{"@type":"ListItem","position":2,"name":"Links"}]},{"@type":"WebSite","@id":"https:\/\/ferienhaus-badblankenburg.de\/#website","url":"https:\/\/ferienhaus-badblankenburg.de\/","name":"Ferienhaus Wurmb","description":"","potentialAction":[{"@type":"SearchAction","target":{"@type":"EntryPoint","urlTemplate":"https:\/\/ferienhaus-badblankenburg.de\/?s={search_term_string}"},"query-input":{"@type":"PropertyValueSpecification","valueRequired":true,"valueName":"search_term_string"}}],"inLanguage":"de"}]}},"_links":{"self":[{"href":"https:\/\/ferienhaus-badblankenburg.de\/index.php\/wp-json\/wp\/v2\/pages\/475","targetHints":{"allow":["GET"]}}],"collection":[{"href":"https:\/\/ferienhaus-badblankenburg.de\/index.php\/wp-json\/wp\/v2\/pages"}],"about":[{"href":"https:\/\/ferienhaus-badblankenburg.de\/index.php\/wp-json\/wp\/v2\/types\/page"}],"author":[{"embeddable":true,"href":"https:\/\/ferienhaus-badblankenburg.de\/index.php\/wp-json\/wp\/v2\/users\/1"}],"replies":[{"embeddable":true,"href":"https:\/\/ferienhaus-badblankenburg.de\/index.php\/wp-json\/wp\/v2\/comments?post=475"}],"version-history":[{"count":47,"href":"https:\/\/ferienhaus-badblankenburg.de\/index.php\/wp-json\/wp\/v2\/pages\/475\/revisions"}],"predecessor-version":[{"id":1514,"href":"https:\/\/ferienhaus-badblankenburg.de\/index.php\/wp-json\/wp\/v2\/pages\/475\/revisions\/1514"}],"wp:attachment":[{"href":"https:\/\/ferienhaus-badblankenburg.de\/index.php\/wp-json\/wp\/v2\/media?parent=475"}],"curies":[{"name":"wp","href":"https:\/\/api.w.org\/{rel}","templated":true}]}}